{"id":2,"date":"2016-09-22T18:33:05","date_gmt":"2016-09-22T18:33:05","guid":{"rendered":"http:\/\/tenisalpormayormedellin.com\/?page_id=2"},"modified":"2022-08-08T22:57:40","modified_gmt":"2022-08-09T03:57:40","slug":"ventas-de-tenis-al-por-mayor-medellin","status":"publish","type":"page","link":"https:\/\/tenisalpormayormedellin.com\/index.php\/ventas-de-tenis-al-por-mayor-medellin\/","title":{"rendered":"Env\u00edos a todo el pa\u00eds.  Tenis al por mayor Medellin"},"content":{"rendered":"<h2>Ventas de tenis al por mayor Medell\u00edn, tenis&nbsp;deportivos, Colombia, Antioquia, Medell\u00edn.<\/h2>\n<p style=\"text-align: justify;\">Atenci\u00f3n emprendedores, les ofrecemos Teniis &nbsp;importados originales al mejor precio del Pa\u00eds.&nbsp;<strong>Ventas de tenis al por mayor Medell\u00edn<\/strong>.<\/p>\n<p style=\"text-align: justify;\">Distribuimos todas las marcas, referencias, modelos, colores y tallas para que inicie o fortalezca su negocio.<\/p>\n<p style=\"text-align: justify;\">Nike, Adidas, Sketchers, Puma, Fila, Reebok, Diesel, Onitzuka, Converse, Jord\u00e1n, Rockland, Lacoste,&nbsp;le coq sportif, Under armour, Michael kors, Guess, Nike, Tommy. Entre otros <strong>tenis de moda<\/strong>.<\/p>\n<p>Los env\u00edos se hacen a todo destino nacional por empresas transportadoras:<\/p>\n<p>SERVIENTREGA, DEPRISA, ENVIA, TCC, INTERRAPIDISIMO.<\/p>\n<p>La mercanc\u00eda tiene <strong>garant\u00eda por&nbsp;despegues y descosidos<\/strong> por 60 d\u00edas.<\/p>\n<p>Ya dependiendo la cantidad de compra se considera de cuentos..<\/p>\n<p>Para una mayor accesoria <strong>tel\u00e9fono<\/strong>: 3023952675<br \/>\n<strong>WhatsApp<\/strong>: 3023952675<\/p>\n<p>&nbsp;<\/p>\n<p><img decoding=\"async\" loading=\"lazy\" class=\"alignnone size-medium wp-image-24\" src=\"http:\/\/tenisalpormayormedellin.com\/wp-content\/uploads\/2016\/09\/SERVIENTREGA.png\" alt=\"servientrega\" width=\"247\" height=\"87\"><img decoding=\"async\" loading=\"lazy\" class=\"alignnone size-medium wp-image-25\" src=\"http:\/\/tenisalpormayormedellin.com\/wp-content\/uploads\/2016\/09\/tcc.png\" alt=\"tcc\" width=\"250\" height=\"141\"><img decoding=\"async\" loading=\"lazy\" class=\"alignnone size-full wp-image-21\" src=\"http:\/\/tenisalpormayormedellin.com\/wp-content\/uploads\/2016\/09\/DEPRISA.png\" alt=\"deprisa\" width=\"250\" height=\"66\"><img decoding=\"async\" loading=\"lazy\" class=\"alignnone size-medium wp-image-22\" src=\"http:\/\/tenisalpormayormedellin.com\/wp-content\/uploads\/2016\/09\/envia.png\" alt=\"envia\" width=\"250\" height=\"148\"><img decoding=\"async\" loading=\"lazy\" class=\"alignnone size-medium wp-image-23\" src=\"http:\/\/tenisalpormayormedellin.com\/wp-content\/uploads\/2016\/09\/interrapidisimo.png\" alt=\"interrapidisimo\" width=\"250\" height=\"77\"><\/p>\n","protected":false},"excerpt":{"rendered":"<p>Ventas de tenis al por mayor Medell\u00edn, tenis&nbsp;deportivos, Colombia, Antioquia, Medell\u00edn. Atenci\u00f3n emprendedores, les ofrecemos Teniis &nbsp;importados originales al mejor precio del Pa\u00eds.&nbsp;Ventas de tenis al por mayor Medell\u00edn. Distribuimos todas las marcas, referencias, modelos, colores y tallas para que inicie o fortalezca su negocio. Nike, Adidas, Sketchers, Puma, Fila, Reebok, Diesel, Onitzuka, Converse, Jord\u00e1n, [&hellip;]<\/p>\n","protected":false},"author":1,"featured_media":0,"parent":0,"menu_order":0,"comment_status":"closed","ping_status":"open","template":"","meta":{"footnotes":""},"yoast_head":"<!-- This site is optimized with the Yoast SEO plugin v20.13 - https:\/\/yoast.com\/wordpress\/plugins\/seo\/ -->\n<title>Env\u00edos a todo el pa\u00eds. Tenis al por mayor Medellin - Tenis al por mayor Medellin<\/title>\n<meta name=\"robots\" content=\"index, follow, max-snippet:-1, max-image-preview:large, max-video-preview:-1\" \/>\n<link rel=\"canonical\" href=\"https:\/\/tenisalpormayormedellin.com\/index.php\/ventas-de-tenis-al-por-mayor-medellin\/\" \/>\n<meta property=\"og:locale\" content=\"es_ES\" \/>\n<meta property=\"og:type\" content=\"article\" \/>\n<meta property=\"og:title\" content=\"Env\u00edos a todo el pa\u00eds. Tenis al por mayor Medellin - Tenis al por mayor Medellin\" \/>\n<meta property=\"og:description\" content=\"Ventas de tenis al por mayor Medell\u00edn, tenis&nbsp;deportivos, Colombia, Antioquia, Medell\u00edn. Atenci\u00f3n emprendedores, les ofrecemos Teniis &nbsp;importados originales al mejor precio del Pa\u00eds.&nbsp;Ventas de tenis al por mayor Medell\u00edn. Distribuimos todas las marcas, referencias, modelos, colores y tallas para que inicie o fortalezca su negocio. Nike, Adidas, Sketchers, Puma, Fila, Reebok, Diesel, Onitzuka, Converse, Jord\u00e1n, [&hellip;]\" \/>\n<meta property=\"og:url\" content=\"https:\/\/tenisalpormayormedellin.com\/index.php\/ventas-de-tenis-al-por-mayor-medellin\/\" \/>\n<meta property=\"og:site_name\" content=\"Tenis al por mayor Medellin\" \/>\n<meta property=\"article:modified_time\" content=\"2022-08-09T03:57:40+00:00\" \/>\n<meta property=\"og:image\" content=\"http:\/\/tenisalpormayormedellin.com\/wp-content\/uploads\/2016\/09\/SERVIENTREGA.png\" \/>\n<meta name=\"twitter:card\" content=\"summary_large_image\" \/>\n<meta name=\"twitter:label1\" content=\"Tiempo de lectura\" \/>\n\t<meta name=\"twitter:data1\" content=\"2 minutos\" \/>\n<script type=\"application\/ld+json\" class=\"yoast-schema-graph\">{\"@context\":\"https:\/\/schema.org\",\"@graph\":[{\"@type\":\"WebPage\",\"@id\":\"https:\/\/tenisalpormayormedellin.com\/index.php\/ventas-de-tenis-al-por-mayor-medellin\/\",\"url\":\"https:\/\/tenisalpormayormedellin.com\/index.php\/ventas-de-tenis-al-por-mayor-medellin\/\",\"name\":\"Env\u00edos a todo el pa\u00eds. Tenis al por mayor Medellin - Tenis al por mayor Medellin\",\"isPartOf\":{\"@id\":\"https:\/\/tenisalpormayormedellin.com\/#website\"},\"datePublished\":\"2016-09-22T18:33:05+00:00\",\"dateModified\":\"2022-08-09T03:57:40+00:00\",\"breadcrumb\":{\"@id\":\"https:\/\/tenisalpormayormedellin.com\/index.php\/ventas-de-tenis-al-por-mayor-medellin\/#breadcrumb\"},\"inLanguage\":\"es\",\"potentialAction\":[{\"@type\":\"ReadAction\",\"target\":[\"https:\/\/tenisalpormayormedellin.com\/index.php\/ventas-de-tenis-al-por-mayor-medellin\/\"]}]},{\"@type\":\"BreadcrumbList\",\"@id\":\"https:\/\/tenisalpormayormedellin.com\/index.php\/ventas-de-tenis-al-por-mayor-medellin\/#breadcrumb\",\"itemListElement\":[{\"@type\":\"ListItem\",\"position\":1,\"name\":\"Portada\",\"item\":\"https:\/\/tenisalpormayormedellin.com\/\"},{\"@type\":\"ListItem\",\"position\":2,\"name\":\"Env\u00edos a todo el pa\u00eds. Tenis al por mayor Medellin\"}]},{\"@type\":\"WebSite\",\"@id\":\"https:\/\/tenisalpormayormedellin.com\/#website\",\"url\":\"https:\/\/tenisalpormayormedellin.com\/\",\"name\":\"Tenis al por mayor Medellin\",\"description\":\"Ventas de tenis al por mayor Medellin -  Tenis Multimarca - Envios a todo el pais (Colombia) - Tenis al por mayor Medellin - Lo mejor del calzado en Colombia \u2013 Tenis Baratos Medellin - Envio inmediato a nivel nacional.\",\"potentialAction\":[{\"@type\":\"SearchAction\",\"target\":{\"@type\":\"EntryPoint\",\"urlTemplate\":\"https:\/\/tenisalpormayormedellin.com\/?s={search_term_string}\"},\"query-input\":\"required name=search_term_string\"}],\"inLanguage\":\"es\"}]}<\/script>\n<!-- \/ Yoast SEO plugin. -->","yoast_head_json":{"title":"Env\u00edos a todo el pa\u00eds. Tenis al por mayor Medellin - Tenis al por mayor Medellin","robots":{"index":"index","follow":"follow","max-snippet":"max-snippet:-1","max-image-preview":"max-image-preview:large","max-video-preview":"max-video-preview:-1"},"canonical":"https:\/\/tenisalpormayormedellin.com\/index.php\/ventas-de-tenis-al-por-mayor-medellin\/","og_locale":"es_ES","og_type":"article","og_title":"Env\u00edos a todo el pa\u00eds. Tenis al por mayor Medellin - Tenis al por mayor Medellin","og_description":"Ventas de tenis al por mayor Medell\u00edn, tenis&nbsp;deportivos, Colombia, Antioquia, Medell\u00edn. Atenci\u00f3n emprendedores, les ofrecemos Teniis &nbsp;importados originales al mejor precio del Pa\u00eds.&nbsp;Ventas de tenis al por mayor Medell\u00edn. Distribuimos todas las marcas, referencias, modelos, colores y tallas para que inicie o fortalezca su negocio. Nike, Adidas, Sketchers, Puma, Fila, Reebok, Diesel, Onitzuka, Converse, Jord\u00e1n, [&hellip;]","og_url":"https:\/\/tenisalpormayormedellin.com\/index.php\/ventas-de-tenis-al-por-mayor-medellin\/","og_site_name":"Tenis al por mayor Medellin","article_modified_time":"2022-08-09T03:57:40+00:00","og_image":[{"url":"http:\/\/tenisalpormayormedellin.com\/wp-content\/uploads\/2016\/09\/SERVIENTREGA.png"}],"twitter_card":"summary_large_image","twitter_misc":{"Tiempo de lectura":"2 minutos"},"schema":{"@context":"https:\/\/schema.org","@graph":[{"@type":"WebPage","@id":"https:\/\/tenisalpormayormedellin.com\/index.php\/ventas-de-tenis-al-por-mayor-medellin\/","url":"https:\/\/tenisalpormayormedellin.com\/index.php\/ventas-de-tenis-al-por-mayor-medellin\/","name":"Env\u00edos a todo el pa\u00eds. Tenis al por mayor Medellin - Tenis al por mayor Medellin","isPartOf":{"@id":"https:\/\/tenisalpormayormedellin.com\/#website"},"datePublished":"2016-09-22T18:33:05+00:00","dateModified":"2022-08-09T03:57:40+00:00","breadcrumb":{"@id":"https:\/\/tenisalpormayormedellin.com\/index.php\/ventas-de-tenis-al-por-mayor-medellin\/#breadcrumb"},"inLanguage":"es","potentialAction":[{"@type":"ReadAction","target":["https:\/\/tenisalpormayormedellin.com\/index.php\/ventas-de-tenis-al-por-mayor-medellin\/"]}]},{"@type":"BreadcrumbList","@id":"https:\/\/tenisalpormayormedellin.com\/index.php\/ventas-de-tenis-al-por-mayor-medellin\/#breadcrumb","itemListElement":[{"@type":"ListItem","position":1,"name":"Portada","item":"https:\/\/tenisalpormayormedellin.com\/"},{"@type":"ListItem","position":2,"name":"Env\u00edos a todo el pa\u00eds. Tenis al por mayor Medellin"}]},{"@type":"WebSite","@id":"https:\/\/tenisalpormayormedellin.com\/#website","url":"https:\/\/tenisalpormayormedellin.com\/","name":"Tenis al por mayor Medellin","description":"Ventas de tenis al por mayor Medellin -  Tenis Multimarca - Envios a todo el pais (Colombia) - Tenis al por mayor Medellin - Lo mejor del calzado en Colombia \u2013 Tenis Baratos Medellin - Envio inmediato a nivel nacional.","potentialAction":[{"@type":"SearchAction","target":{"@type":"EntryPoint","urlTemplate":"https:\/\/tenisalpormayormedellin.com\/?s={search_term_string}"},"query-input":"required name=search_term_string"}],"inLanguage":"es"}]}},"_links":{"self":[{"href":"https:\/\/tenisalpormayormedellin.com\/index.php\/wp-json\/wp\/v2\/pages\/2"}],"collection":[{"href":"https:\/\/tenisalpormayormedellin.com\/index.php\/wp-json\/wp\/v2\/pages"}],"about":[{"href":"https:\/\/tenisalpormayormedellin.com\/index.php\/wp-json\/wp\/v2\/types\/page"}],"author":[{"embeddable":true,"href":"https:\/\/tenisalpormayormedellin.com\/index.php\/wp-json\/wp\/v2\/users\/1"}],"replies":[{"embeddable":true,"href":"https:\/\/tenisalpormayormedellin.com\/index.php\/wp-json\/wp\/v2\/comments?post=2"}],"version-history":[{"count":11,"href":"https:\/\/tenisalpormayormedellin.com\/index.php\/wp-json\/wp\/v2\/pages\/2\/revisions"}],"predecessor-version":[{"id":1149,"href":"https:\/\/tenisalpormayormedellin.com\/index.php\/wp-json\/wp\/v2\/pages\/2\/revisions\/1149"}],"wp:attachment":[{"href":"https:\/\/tenisalpormayormedellin.com\/index.php\/wp-json\/wp\/v2\/media?parent=2"}],"curies":[{"name":"wp","href":"https:\/\/api.w.org\/{rel}","templated":true}]}}