{"id":13,"date":"2016-09-24T00:58:04","date_gmt":"2016-09-24T00:58:04","guid":{"rendered":"http:\/\/tenisalpormayormedellin.com\/?page_id=13"},"modified":"2022-08-08T22:49:27","modified_gmt":"2022-08-09T03:49:27","slug":"terminos-y-condiciones","status":"publish","type":"page","link":"https:\/\/tenisalpormayormedellin.com\/index.php\/terminos-y-condiciones\/","title":{"rendered":"T\u00e9rminos y Condiciones"},"content":{"rendered":"<h2>T\u00e9rminos y Condiciones<\/h2>\n<p><span style=\"color: #000000;\"><span style=\"font-family: adihausregular, Arial, Helvetica, Verdana, sans-serif;\"><span style=\"font-size: small;\">Por favor leer detenidamente estos t\u00e9rminos\u00a0y condiciones de Ventas de tenis Al Por Mayor Medellin\u00a0antes de navegar, comprar y\/o hacer uso de cualquier parte de este sitio web. <\/span><\/span><\/span><\/p>\n<h2><span style=\"color: #000000;\"><span style=\"font-family: adihausregular, Arial, Helvetica, Verdana, sans-serif;\"><span style=\"font-size: small;\"><b>CONTRATO<\/b><\/span><\/span><\/span><\/h2>\n<p><span style=\"color: #000000;\"><span style=\"font-family: adihausregular, Arial, Helvetica, Verdana, sans-serif;\"><span style=\"font-size: small;\">Cada vez que se realice un pedido de compra a trav\u00e9s de este Sitio Web, se constituir\u00e1 un contrato de compraventa entre usted (como usuario) y tenisalpormayormedellin.com; dicho contrato se regir\u00e1 por los presentes T\u00e9rminos y Condiciones, as\u00ed como, de forma espec\u00edfica, por las Condiciones Generales de Compra que se detallan a continuaci\u00f3n.<\/span><\/span><\/span><\/p>\n<h2><span style=\"color: #000000;\"><span style=\"font-family: adihausregular, Arial, Helvetica, Verdana, sans-serif;\"><span style=\"font-size: small;\"><b>ENTREGA DE MERCANC\u00cdA<\/b><\/span><\/span><\/span><\/h2>\n<p><span style=\"color: #000000;\"><span style=\"font-family: adihausregular, Arial, Helvetica, Verdana, sans-serif;\"><span style=\"font-size: small;\">tenisalpormayormedellin.com<\/span><\/span><\/span><\/p>\n<h2><span style=\"color: #000000;\"><span style=\"font-family: adihausregular, Arial, Helvetica, Verdana, sans-serif;\"><span style=\"font-size: small;\"><b>PUBLICIDAD<\/b><\/span><\/span><\/span><\/h2>\n<p align=\"JUSTIFY\"><span style=\"color: #000000;\"><span style=\"font-family: adihausregular, Arial, Helvetica, Verdana, sans-serif;\"><span style=\"font-size: small;\">Parte del sitio Web puede albergar contenidos publicitarios o estar patrocinado. Los anunciantes y patrocinadores son los \u00fanicos responsables de asegurarse que el material remitido para su inclusi\u00f3n en el sitio Web cumple con las leyes que en cada caso puedan ser de aplicaci\u00f3n. La Compa\u00f1\u00eda no ser\u00e1 responsable de cualquier error, inexactitud o irregularidad que puedan contener los contenidos publicitarios o de los patrocinadores.<\/span><\/span><\/span><\/p>\n<h2><span style=\"color: #000000;\"><span style=\"font-family: adihausregular, Arial, Helvetica, Verdana, sans-serif;\"><span style=\"font-size: small;\"><b>PRODUCTOS<\/b><\/span><\/span><\/span><\/h2>\n<p><span style=\"color: #000000;\"><span style=\"font-family: adihausregular, Arial, Helvetica, Verdana, sans-serif;\"><span style=\"font-size: small;\">A trav\u00e9s del sitio web, el cliente podr\u00e1 realizar pedidos de compra de los productos que se muestran en la p\u00e1gina, a los precios indicados.<\/span><\/span><\/span><\/p>\n<p><span style=\"color: #000000;\"><span style=\"font-family: adihausregular, Arial, Helvetica, Verdana, sans-serif;\"><span style=\"font-size: small;\">Las especificaciones de los productos se corresponder\u00e1n con la descripci\u00f3n incluida en el sitio web. El \u00e1mbito de aplicaci\u00f3n de los servicios postventa y las garant\u00edas comerciales se describe en el sitio web y en la confirmaci\u00f3n del pedido.<\/span><\/span><\/span><\/p>\n<p><span style=\"color: #000000;\"><span style=\"font-family: adihausregular, Arial, Helvetica, Verdana, sans-serif;\"><span style=\"font-size: small;\">El cliente estar\u00e1 protegido por una garant\u00eda legal de conformidad aplicable a los productos. Si los productos no son conformes, el cliente tendr\u00e1 derecho a ejercitar las medidas legales que le correspondan.<\/span><\/span><\/span><\/p>\n<h2><span style=\"color: #000000;\"><span style=\"font-family: adihausregular, Arial, Helvetica, Verdana, sans-serif;\"><span style=\"font-size: small;\"><b>PEDIDOS<\/b><\/span><\/span><\/span><\/h2>\n<p><span style=\"color: #000000;\"><span style=\"font-family: adihausregular, Arial, Helvetica, Verdana, sans-serif;\"><span style=\"font-size: small;\">Los clientes podr\u00e1n realizar un pedido siempre y cuando:<\/span><\/span><\/span><\/p>\n<p><span style=\"color: #000000;\"><span style=\"font-family: adihausregular, Arial, Helvetica, Verdana, sans-serif;\"><span style=\"font-size: small;\">a) faciliten su nombre, direcci\u00f3n, n\u00famero de tel\u00e9fono, direcci\u00f3n de correo electr\u00f3nico, datos de pago y otra informaci\u00f3n necesaria;<br \/>\nb) faciliten una direcci\u00f3n de entrega ubicada dentro del Territorio, entendi\u00e9ndose este \u00faltimo t\u00e9rmino tal y como se define m\u00e1s adelante; y<br \/>\nc) sean propietarios o titulares autorizados de una tarjeta de cr\u00e9dito o d\u00e9bito v\u00e1lida para adquirir los productos, en caso de que efect\u00faen el pago con tarjeta de cr\u00e9dito o d\u00e9bito. <\/span><\/span><\/span><\/p>\n<h2><span style=\"color: #000000;\"><span style=\"font-family: adihausregular, Arial, Helvetica, Verdana, sans-serif;\"><span style=\"font-size: small;\"><b>ERRORES<\/b><\/span><\/span><\/span><\/h2>\n<p><span style=\"color: #000000;\"><span style=\"font-family: adihausregular, Arial, Helvetica, Verdana, sans-serif;\"><span style=\"font-size: small;\">En caso de que la presentaci\u00f3n del producto, la descripci\u00f3n de sus especificaciones o la lista de precios incluyan un error atribuible a Tenisalpormayormedellin.com y de que i) debiera resultar evidente para el cliente que tal error es una falta de ortograf\u00eda o un error tipogr\u00e1fico, o ii) de que el cliente, dadas las circunstancias, no tenga ning\u00fan motivo justificado que le permita esperar que Tenisalpormayormedellin.com entregue los productos, o que entregue productos con esas especificaciones o a ese precio, entonces no se celebrar\u00e1 contrato alguno.<\/span><\/span><\/span><\/p>\n<h2><span style=\"color: #000000;\"><span style=\"font-family: adihausregular, Arial, Helvetica, Verdana, sans-serif;\"><span style=\"font-size: small;\"><b>PAGO<\/b><\/span><\/span><\/span><\/h2>\n<p><span style=\"color: #000000;\"><span style=\"font-family: adihausregular, Arial, Helvetica, Verdana, sans-serif;\"><span style=\"font-size: small;\">El pago de los productos podr\u00e1 efectuarse a trav\u00e9s de cualquiera de los siguientes medios:<\/span><\/span><\/span><\/p>\n<p><span style=\"color: #000000;\"><span style=\"font-family: adihausregular, Arial, Helvetica, Verdana, sans-serif;\"><span style=\"font-size: small;\">a) Tarjeta de cr\u00e9dito (MasterCard o Visa): Durante el proceso de pedido, el cliente deber\u00e1 facilitar el n\u00famero y la fecha de caducidad de su tarjeta de cr\u00e9dito. El cliente deber\u00e1 asegurarse de introducir exactamente el mismo nombre que figura en la tarjeta de cr\u00e9dito. La autorizaci\u00f3n del pago se realizar\u00e1 en l\u00ednea, de modo que el cliente podr\u00e1 saber directamente si se ha procedido a realizar el pago; o<br \/>\nb)PayPal: PayPal permite al cliente realizar una transferencia directa a Tenisalpormayormedellin.com por el precio de compra desde su cuenta corriente, tarjeta de cr\u00e9dito o cuenta PayPal. <\/span><\/span><\/span><\/p>\n<h2><span style=\"color: #000000;\"><span style=\"font-family: adihausregular, Arial, Helvetica, Verdana, sans-serif;\"><span style=\"font-size: small;\"><b>POL\u00cdTICA DE DEVOLUCIONES <\/b><\/span><\/span><\/span><\/h2>\n<p><span style=\"color: #000000;\"><span style=\"font-family: adihausregular, Arial, Helvetica, Verdana, sans-serif;\"><span style=\"font-size: small;\">El cliente tendr\u00e1 derecho a cancelar o resolver el contrato en los 30 d\u00edas laborables siguientes a la recepci\u00f3n del correspondiente art\u00edculo en la direcci\u00f3n de entrega.<\/span><\/span><\/span><\/p>\n<p><span style=\"color: #000000;\"><span style=\"font-family: adihausregular, Arial, Helvetica, Verdana, sans-serif;\"><span style=\"font-size: small;\">El cliente tendr\u00e1 derecho a desistir del contrato o cancelarlo sin causa justificada en un plazo de 30 d\u00edas.<\/span><\/span><\/span><\/p>\n<p><span style=\"color: #000000;\"><span style=\"font-family: adihausregular, Arial, Helvetica, Verdana, sans-serif;\"><span style=\"font-size: small;\">El derecho de desistimiento y cancelaci\u00f3n \u00fanicamente resultar\u00e1 aplicable a aquellos productos que se adquieran a trav\u00e9s del sitio web o por tel\u00e9fono, o a los contratos suscritos entre Tenisalpormayormedellin.com y el cliente.<\/span><\/span><\/span><\/p>\n<p><span style=\"color: #000000;\"><span style=\"font-family: adihausregular, Arial, Helvetica, Verdana, sans-serif;\"><span style=\"font-size: small;\">El plazo de desistimiento y cancelaci\u00f3n se extinguir\u00e1 tras el transcurso de 30 d\u00edas desde la fecha que corresponda entre las que figuran a continuaci\u00f3n:<\/span><\/span><\/span><\/p>\n<p><span style=\"color: #000000;\"><span style=\"font-family: adihausregular, Arial, Helvetica, Verdana, sans-serif;\"><span style=\"font-size: small;\">a) la fecha en que el cliente o un tercero distinto del transportista y que haya sido identificado por el cliente adquieran la posesi\u00f3n f\u00edsica de los productos;<br \/>\nb) en caso de contratos relativos a la entrega peri\u00f3dica de productos durante un periodo de tiempo establecido, la fecha en que el cliente o un tercero distinto del transportista y que haya sido identificado por el cliente adquieran la posesi\u00f3n f\u00edsica del primero de los productos. <\/span><\/span><\/span><\/p>\n<h2><span style=\"color: #000000;\"><span style=\"font-family: adihausregular, Arial, Helvetica, Verdana, sans-serif;\"><span style=\"font-size: small;\"><b>DATOS PERSONALES<\/b><\/span><\/span><\/span><\/h2>\n<p><span style=\"color: #000000;\"><span style=\"font-family: adihausregular, Arial, Helvetica, Verdana, sans-serif;\"><span style=\"font-size: small;\">Se aplicar\u00e1 la Pol\u00edtica de privacidad de Tenisalpormayormedellin.com, disponible en el apartado <\/span><\/span><\/span><span style=\"color: #000000;\"><span style=\"font-family: adihausregular, Arial, Helvetica, Verdana, sans-serif;\"><span style=\"font-size: small;\">Pol\u00edtica de Privacidad <\/span><\/span><\/span><span style=\"color: #000000;\"><span style=\"font-family: adihausregular, Arial, Helvetica, Verdana, sans-serif;\"><span style=\"font-size: small;\">de nuestro sitio web.<\/span><\/span><\/span><\/p>\n<h2><span style=\"color: #000000;\"><span style=\"font-family: adihausregular, Arial, Helvetica, Verdana, sans-serif;\"><span style=\"font-size: small;\"><b>RECLAMACIONES<\/b><\/span><\/span><\/span><\/h2>\n<p><span style=\"color: #000000;\"><span style=\"font-family: adihausregular, Arial, Helvetica, Verdana, sans-serif;\"><span style=\"font-size: small;\">En el supuesto de que Tenisalpormayormedellin.com cometiera un error en relaci\u00f3n con el pedido, si el cliente tuviera alguna reclamaci\u00f3n, o si quisiera ponerse en contacto con Tenisalpormayormedellin.com por cualquier otro motivo, podr\u00e1 hacerlo llamando al tel\u00e9fono 318 3907961 o escribiendo a <\/span><\/span><\/span><a href=\"mailto:atencionalcliente-es@asics.com\"><span style=\"color: #000000;\"><span style=\"font-family: adihausregular, Arial, Helvetica, Verdana, sans-serif;\"><span style=\"font-size: small;\">atencionalcliente@tenisalpormayormedellin.com<\/span><\/span><\/span><\/a><span style=\"color: #000000;\"><span style=\"font-family: adihausregular, Arial, Helvetica, Verdana, sans-serif;\"><span style=\"font-size: small;\">, donde estaremos encantados de atenderle. Nuestro horario en d\u00edas laborables normales es de 9:00h. a 19:00h., de lunes a viernes.<\/span><\/span><\/span><\/p>\n","protected":false},"excerpt":{"rendered":"<p>T\u00e9rminos y Condiciones Por favor leer detenidamente estos t\u00e9rminos\u00a0y condiciones de Ventas de tenis Al Por Mayor Medellin\u00a0antes de navegar, comprar y\/o hacer uso de cualquier parte de este sitio web. CONTRATO Cada vez que se realice un pedido de compra a trav\u00e9s de este Sitio Web, se constituir\u00e1 un contrato de compraventa entre usted [&hellip;]<\/p>\n","protected":false},"author":1,"featured_media":0,"parent":0,"menu_order":0,"comment_status":"closed","ping_status":"closed","template":"","meta":{"footnotes":""},"yoast_head":"<!-- This site is optimized with the Yoast SEO plugin v20.13 - https:\/\/yoast.com\/wordpress\/plugins\/seo\/ -->\n<title>T\u00e9rminos y Condiciones - Tenis al por mayor Medellin<\/title>\n<meta name=\"description\" content=\"Tenisalpormayormedellin.com\" \/>\n<meta name=\"robots\" content=\"index, follow, max-snippet:-1, max-image-preview:large, max-video-preview:-1\" \/>\n<link rel=\"canonical\" href=\"https:\/\/tenisalpormayormedellin.com\/index.php\/terminos-y-condiciones\/\" \/>\n<meta property=\"og:locale\" content=\"es_ES\" \/>\n<meta property=\"og:type\" content=\"article\" \/>\n<meta property=\"og:title\" content=\"T\u00e9rminos y Condiciones - Tenis al por mayor Medellin\" \/>\n<meta property=\"og:description\" content=\"Tenisalpormayormedellin.com\" \/>\n<meta property=\"og:url\" content=\"https:\/\/tenisalpormayormedellin.com\/index.php\/terminos-y-condiciones\/\" \/>\n<meta property=\"og:site_name\" content=\"Tenis al por mayor Medellin\" \/>\n<meta property=\"article:modified_time\" content=\"2022-08-09T03:49:27+00:00\" \/>\n<meta name=\"twitter:card\" content=\"summary_large_image\" \/>\n<meta name=\"twitter:label1\" content=\"Tiempo de lectura\" \/>\n\t<meta name=\"twitter:data1\" content=\"4 minutos\" \/>\n<script type=\"application\/ld+json\" class=\"yoast-schema-graph\">{\"@context\":\"https:\/\/schema.org\",\"@graph\":[{\"@type\":\"WebPage\",\"@id\":\"https:\/\/tenisalpormayormedellin.com\/index.php\/terminos-y-condiciones\/\",\"url\":\"https:\/\/tenisalpormayormedellin.com\/index.php\/terminos-y-condiciones\/\",\"name\":\"T\u00e9rminos y Condiciones - Tenis al por mayor Medellin\",\"isPartOf\":{\"@id\":\"https:\/\/tenisalpormayormedellin.com\/#website\"},\"datePublished\":\"2016-09-24T00:58:04+00:00\",\"dateModified\":\"2022-08-09T03:49:27+00:00\",\"description\":\"Tenisalpormayormedellin.com\",\"breadcrumb\":{\"@id\":\"https:\/\/tenisalpormayormedellin.com\/index.php\/terminos-y-condiciones\/#breadcrumb\"},\"inLanguage\":\"es\",\"potentialAction\":[{\"@type\":\"ReadAction\",\"target\":[\"https:\/\/tenisalpormayormedellin.com\/index.php\/terminos-y-condiciones\/\"]}]},{\"@type\":\"BreadcrumbList\",\"@id\":\"https:\/\/tenisalpormayormedellin.com\/index.php\/terminos-y-condiciones\/#breadcrumb\",\"itemListElement\":[{\"@type\":\"ListItem\",\"position\":1,\"name\":\"Portada\",\"item\":\"https:\/\/tenisalpormayormedellin.com\/\"},{\"@type\":\"ListItem\",\"position\":2,\"name\":\"T\u00e9rminos y Condiciones\"}]},{\"@type\":\"WebSite\",\"@id\":\"https:\/\/tenisalpormayormedellin.com\/#website\",\"url\":\"https:\/\/tenisalpormayormedellin.com\/\",\"name\":\"Tenis al por mayor Medellin\",\"description\":\"Ventas de tenis al por mayor Medellin -  Tenis Multimarca - Envios a todo el pais (Colombia) - Tenis al por mayor Medellin - Lo mejor del calzado en Colombia \u2013 Tenis Baratos Medellin - Envio inmediato a nivel nacional.\",\"potentialAction\":[{\"@type\":\"SearchAction\",\"target\":{\"@type\":\"EntryPoint\",\"urlTemplate\":\"https:\/\/tenisalpormayormedellin.com\/?s={search_term_string}\"},\"query-input\":\"required name=search_term_string\"}],\"inLanguage\":\"es\"}]}<\/script>\n<!-- \/ Yoast SEO plugin. -->","yoast_head_json":{"title":"T\u00e9rminos y Condiciones - Tenis al por mayor Medellin","description":"Tenisalpormayormedellin.com","robots":{"index":"index","follow":"follow","max-snippet":"max-snippet:-1","max-image-preview":"max-image-preview:large","max-video-preview":"max-video-preview:-1"},"canonical":"https:\/\/tenisalpormayormedellin.com\/index.php\/terminos-y-condiciones\/","og_locale":"es_ES","og_type":"article","og_title":"T\u00e9rminos y Condiciones - Tenis al por mayor Medellin","og_description":"Tenisalpormayormedellin.com","og_url":"https:\/\/tenisalpormayormedellin.com\/index.php\/terminos-y-condiciones\/","og_site_name":"Tenis al por mayor Medellin","article_modified_time":"2022-08-09T03:49:27+00:00","twitter_card":"summary_large_image","twitter_misc":{"Tiempo de lectura":"4 minutos"},"schema":{"@context":"https:\/\/schema.org","@graph":[{"@type":"WebPage","@id":"https:\/\/tenisalpormayormedellin.com\/index.php\/terminos-y-condiciones\/","url":"https:\/\/tenisalpormayormedellin.com\/index.php\/terminos-y-condiciones\/","name":"T\u00e9rminos y Condiciones - Tenis al por mayor Medellin","isPartOf":{"@id":"https:\/\/tenisalpormayormedellin.com\/#website"},"datePublished":"2016-09-24T00:58:04+00:00","dateModified":"2022-08-09T03:49:27+00:00","description":"Tenisalpormayormedellin.com","breadcrumb":{"@id":"https:\/\/tenisalpormayormedellin.com\/index.php\/terminos-y-condiciones\/#breadcrumb"},"inLanguage":"es","potentialAction":[{"@type":"ReadAction","target":["https:\/\/tenisalpormayormedellin.com\/index.php\/terminos-y-condiciones\/"]}]},{"@type":"BreadcrumbList","@id":"https:\/\/tenisalpormayormedellin.com\/index.php\/terminos-y-condiciones\/#breadcrumb","itemListElement":[{"@type":"ListItem","position":1,"name":"Portada","item":"https:\/\/tenisalpormayormedellin.com\/"},{"@type":"ListItem","position":2,"name":"T\u00e9rminos y Condiciones"}]},{"@type":"WebSite","@id":"https:\/\/tenisalpormayormedellin.com\/#website","url":"https:\/\/tenisalpormayormedellin.com\/","name":"Tenis al por mayor Medellin","description":"Ventas de tenis al por mayor Medellin -  Tenis Multimarca - Envios a todo el pais (Colombia) - Tenis al por mayor Medellin - Lo mejor del calzado en Colombia \u2013 Tenis Baratos Medellin - Envio inmediato a nivel nacional.","potentialAction":[{"@type":"SearchAction","target":{"@type":"EntryPoint","urlTemplate":"https:\/\/tenisalpormayormedellin.com\/?s={search_term_string}"},"query-input":"required name=search_term_string"}],"inLanguage":"es"}]}},"_links":{"self":[{"href":"https:\/\/tenisalpormayormedellin.com\/index.php\/wp-json\/wp\/v2\/pages\/13"}],"collection":[{"href":"https:\/\/tenisalpormayormedellin.com\/index.php\/wp-json\/wp\/v2\/pages"}],"about":[{"href":"https:\/\/tenisalpormayormedellin.com\/index.php\/wp-json\/wp\/v2\/types\/page"}],"author":[{"embeddable":true,"href":"https:\/\/tenisalpormayormedellin.com\/index.php\/wp-json\/wp\/v2\/users\/1"}],"replies":[{"embeddable":true,"href":"https:\/\/tenisalpormayormedellin.com\/index.php\/wp-json\/wp\/v2\/comments?post=13"}],"version-history":[{"count":7,"href":"https:\/\/tenisalpormayormedellin.com\/index.php\/wp-json\/wp\/v2\/pages\/13\/revisions"}],"predecessor-version":[{"id":1142,"href":"https:\/\/tenisalpormayormedellin.com\/index.php\/wp-json\/wp\/v2\/pages\/13\/revisions\/1142"}],"wp:attachment":[{"href":"https:\/\/tenisalpormayormedellin.com\/index.php\/wp-json\/wp\/v2\/media?parent=13"}],"curies":[{"name":"wp","href":"https:\/\/api.w.org\/{rel}","templated":true}]}}